80. What is i(3)?
174
Let r(x) = 3*x**2 - 38*x + 195. What is r(5)?
80
Let o(c) = -c**2 + 38*c + 235. Calculate o(-6).
-29
Let f(w) = w**3 - 6*w**2 + 17*w - 135. What is f(8)?
129
Let m(b) = 102*b**3 - 4*b**2 - 6*b + 4. Calculate m(1).
96
Let a(h) = -465*h - 8813. Determine a(-19).
22
Let q(x) = -x**2 - 3*x + 710. Give q(25).
10
Let z(j) = j**3 - 13*j**2 + 40*j - 159. Determine z(11).
39
Let q(i) = i**2 - 96*i - 948. What is q(-9)?
-3
Let u(p) = -p**2 + 42*p + 238. Determine u(-5).
3
Let s(q) = 3*q**3 - q**2 - 560*q - 559. Give s(-1).
-3
Let d(o) = 114*o + 2956. What is d(-29)?
-350
Let s(l) = 4*l**3 + 2391*l**2 - 3000*l - 3002. Give s(-599).
-7
Let c(k) = 16*k - 156. Calculate c(15).
84
Let l(q) = q**2 - 251*q + 999. Give l(4).
11
Let c(p) = 2757*p + 113041. Determine c(-41).
4
Let d(m) = -31*m**2 - 309*m - 4. What is d(-10)?
-14
Let w(m) = 4*m**2 - 105*m + 199. Determine w(25).
74
Let r(p) = -46*p - 1008. Calculate r(-24).
96
Let x(s) = -2*s**2 - 192*s + 818. What is x(4)?
18
Let t(y) = 206*y - 6215. Calculate t(30).
-35
Let c(p) = 2*p**3 - 48*p**2 - 55*p + 183. Determine c(25).
58
Let o(x) = 35*x + 377. Give o(-11).
-8
Let o(b) = 7*b**3 + 2*b**2 - 177*b - 178. Calculate o(-1).
-6
Let a(g) = 28*g**3 + 3*g**2 + 9*g + 5. Determine a(-1).
-29
Let m(c) = -2*c**3 + 11*c**2 + 19*c + 7. Give m(-1).
1
Let q(j) = -10928*j - 21856. Give q(-2).
0
Let a(r) = 4*r**2 + 31*r + 14. Determine a(-8).
22
Let q(f) = -26*f - 302. Give q(-11).
-16
Let d(f) = 2*f**2 - 122*f - 944. Determine d(-7).
8
Let n(v) = 6*v**2 - 5*v + 325. Give n(0).
325
Let h(p) = p**3 + 73*p**2 + 83*p + 5. Determine h(0).
5
Let d(k) = -k**2 - 9*k + 203. What is d(-19)?
13
Let v(r) = -2*r - 25. Determine v(-15).
5
Let g(f) = 18*f - 742. Calculate g(24).
-310
Let j(m) = -m**3 + 8*m**2 + 32*m + 23. Give j(11).
12
Let p(r) = r**2 + 66*r - 7. Determine p(-66).
-7
Let i(j) = -2*j**2 + 47*j + 25. What is i(-8)?
-479
Let f(b) = 12*b**3 - 3*b**2 + 6. Give f(-3).
-345
Let g(y) = -12*y + 419. Calculate g(33).
23
Let f(j) = -j**3 - j**2 - 19*j + 36. Give f(2).
-14
Let r(v) = v**3 + 25*v**2 - 56*v + 12. Determine r(-27).
66
Let r(n) = -9*n**3 - 59*n**2 - 71*n - 686. Calculate r(-7).
7
Let n(g) = 35*g**2 + 23*g + 41. Determine n(-2).
135
Let g(i) = -24*i - 1441. Give g(-60).
-1
Let k(r) = 3*r + 84. Give k(4).
96
Let n(a) = 15*a + 418. Calculate n(-26).
28
Let s(p) = -987*p + 1979. What is s(2)?
5
Let r(w) = w**2 - 24*w. Give r(13).
-143
Let g(c) = -24*c + 46. Calculate g(9).
-170
Let n(q) = 450*q - 12151. Calculate n(27).
-1
Let y(z) = z**2 - 168*z + 972. Give y(6).
0
Let m(n) = n**2 - 22*n + 89. Calculate m(15).
-16
Let y(b) = -6*b - 109. Calculate y(-30).
71
Let c(l) = -9*l - 345. Determine c(-41).
24
Let m(z) = 50*z - 2316. Determine m(46).
-16
Let i(v) = 2*v**2 - 41*v - 40. Give i(35).
975
Let k(y) = -y**3 - 83*y**2 - 88*y - 491. What is k(-82)?
1
Let f(l) = -2537*l + 15220. Give f(6).
-2
Let a(v) = -11*v - 62. What is a(-10)?
48
Let w(p) = 45*p + 1001. What is w(-22)?
11
Let r(n) = 219*n**3 + 4*n**2 - 19*n + 15. Give r(1).
219
Let c(y) = -10136*y - 20266. Give c(-2).
6
Let q(k) = -412*k - 20183. Determine q(-49).
5
Let p(b) = -355*b - 2392. Calculate p(-7).
93
Let i(w) = 34*w + 397. What is i(-12)?
-11
Let z(h) = -h**3 - 77*h**2 + 45*h - 2574. What is z(-78)?
0
Let r(v) = 5*v**2 - 31*v + 52. Determine r(4).
8
Let f(m) = -69*m**2 - 2145*m - 199. What is f(-31)?
-13
Let v(x) = -185*x + 1304. What is v(7)?
9
Let j(u) = 7*u**2 + 16*u - 48. Give j(5).
207
Let i(x) = -89*x**3 - 17*x**2 + 18*x. Determine i(1).
-88
Let r(x) = 4*x - 26. Determine r(14).
30
Let f(p) = 583*p - 8738. Determine f(15).
7
Let c(q) = 4*q**2 - 22*q - 82. Give c(-5).
128
Let o(b) = 149*b - 748. Determine o(5).
-3
Let n(h) = 18*h**2 + 127*h + 17. Determine n(-6).
-97
Let h(p) = 234*p + 11499. Determine h(-49).
33
Let p(c) = 2*c**3 - 5*c**2 - 395*c + 17. Determine p(-13).
-87
Let h(c) = -16*c - 2799. Determine h(-92).
-1327
Let l(a) = 4*a + 178. Give l(6).
202
Let h(p) = -65*p**2 - 9748*p + 301. Determine h(-150).
1
Let h(u) = 482*u - 5270. What is h(11)?
32
Let z(n) = n**3 + 11*n**2 - 6*n + 87. Give z(-12).
15
Let t(m) = 15*m + 683. Determine t(-46).
-7
Let u(p) = 41*p + 1739. Calculate u(-46).
-147
Let m(c) = c**2 - 8*c + 2. What is m(12)?
50
Let i(m) = -236*m - 17945. Determine i(-76).
-9
Let r(s) = -s**3 - 5*s**2 + s + 1. Determine r(-3).
-20
Let s(z) = -z**3 + 11*z**2 - 13*z - 8. Calculate s(9).
37
Let o(t) = t**2 + 43*t - 37. What is o(-16)?
-469
Let c(v) = 129*v**2 - 6582*v + 135. Calculate c(51).
-18
Let j(d) = d**3 - 7*d**2 + 136*d - 769. Determine j(6).
11
Let y(u) = u**2 - 23*u + 186. What is y(7)?
74
Let d(l) = -2*l**3 - 74*l**2 + 142*l + 2495. What is d(-38)?
-13
Let o(k) = -10351*k + 62111. Calculate o(6).
5
Let k(j) = j**2 + 225*j + 7988. Give k(-181).
24
Let q(u) = 2*u**2 + 21*u + 85. What is q(-7)?
36
Let r(y) = 276*y - 17592. Determine r(64).
72
Let t(d) = 102*d + 13471. Calculate t(-132).
7
Let w(y) = -y**3 + 8*y**2 + 36*y - 352. Give w(11).
-319
Let b(q) = 2*q**2 + 99*q - 2018. Determine b(-65).
-3
Let l(c) = -366*c + 117113. What is l(320)?
-7
Let n(d) = -2*d**3 + 14*d**2 - 1244*d + 7397. Give n(6).
5
Let x(s) = -18962*s + 151678. Give x(8).
-18
Let l(v) = -186*v + 4453. Determine l(24).
-11
Let i(n) = -59*n - 20. Give i(-4).
216
Let o(j) = j**3 - 21*j**2 - 274*j + 40. What is o(30)?
-80
Let o(y) = -226*y - 4502. Calculate o(-20).
18
Let l(v) = -4*v - 119. Calculate l(-17).
-51
Let c(j) = -20*j - 262. Determine c(-23).
198
Let v(h) = h**2 - 1656*h - 26755. Determine v(-16).
-3
Let w(i) = -4*i + 154. Give w(26).
50
Let x(c) = 148*c - 4155. Calculate x(28).
-11
Let p(l) = 2*l**3 + 41*l**2 + 77*l + 370. Calculate p(-19).
-10
Let l(z) = z**3 - 3*z**2 - 188*z - 103. Calculate l(-12).
-7
Let h(m) = 246*m - 6. Calculate h(1).
240
Let i(a) = -3*a**3 + 98*a**2 - 61*a - 67. Determine i(32).
29
Let v(g) = g**3 + 8*g**2 - 33*g - 232. Determine v(-4).
-36
Let k(o) = o**3 - 7*o**2 - 89*o - 24. What is k(14)?
102
Let w(s) = -2*s**2 + 5*s + 163. Determine w(-8).
-5
Let v(n) = 20*n**2 - 10*n - 17. Give v(-1).
13
Let m(t) = t**2 + 10*t - 51. What is m(8)?
93
Let m(h) = 199*h**3 + 10*h + 10. Determine m(-1).
-199
Let b(o) = 128*o + 16788. Calculate b(-131).
20
Let f(x) = 5*x**2 + 25*x + 69. What is f(-3)?
39
Let n(q) = 3*q**3 + 23*q**2 - 2*q - 18. What is n(-7)?
94
Let l(s) = -s**3 - 11*s**2 - 7*s + 15. Calculate l(-5).
-100
Let h(d) = 161*d + 754. Determine h(-4).
110
Let n(w) = -625*w - 28117. Give n(-45).
8
Let m(g) = -114*g + 1859. What is m(15)?
149
Let o(k) = -500*k + 24509. Calculate o(49).
9
Let a(j) = 32*j**3 - 254*j**2 - 15*j - 16. Calculate a(8).
-8
Let m(d) = 11*d**3 + 44*d**2 - 13*d - 5. Determine m(-5).
-215
Let u(a) = -14*a**2 - 1724*a - 251. Determine u(-123).
-5
Let y(z) = -42*z - 251. Give y(-6).
1
Let o(h) = 6*h**3 + 240*h**2 - 29*h - 1164. What is o(-40)?
-4
Let d(k) = -k**3 - 2*k**2 + 14*k + 78. Give d(-5).
83
Let k(r) = -10*r**2 - 21*r + 79. Give k(4).
-165
Let v(c) = -c**3 - 21*c**2 + 99*c + 37. Give v(-26).
843
Let a(b) = -37*b - 206. Give a(8).
-502
Let f(k) = -2*k**2 + 8*k + 58. Give f(17).
-384
Let z(b) = 81*b**2 - 76*b + 153. Calculate z(2).
325
Let h(v) = 6*v - 14. Calculate h(-11).
-80
Let a(n) = -266*n - 1068. Give a(-4).
-4
Let y(n) = n**3 - 38*n**2 - 376*n - 50. What is y(-8)?
14
Let l(x) = x**3 - 4*x**2 - 99*x - 36. Determine l(-8).
-12
Let a(n) = -5*n**2 + 120*n - 220. Give a(22).
0
Let w(k) = -5*k**3 + 1013*k**2 + 408*k - 401. Give w(203).
5
Let m(v) = -v**2 - 12*v + 30. Give m(2).
2
Let o(w) = w**2 + 23*w - 7. Give o(-8).
-127
Let h(f) = 2*f**2 + 20*f + 29. Give h(-13).
107
Let v(n) = -746*n - 2969. Calculate v(-4).
15
Let y(t) = -2*t**3 + 139*t**2 - 69*t - 38. Calculate y(69).
-38
Let v(b) = 92*b - 282. Determine v(3).
-6
Let n(w) = -2*w**3 - 7*w**2 - w - 53. Give n(-6).
133
Let f(q) = 66*q - 2111. Calculate f(32).
1
Let h(f) = 70*f + 1521. Determine h(-24).
-159
Let h(s) = 247*s - 20806. Determine h(84).
-58
Let u(s) = -3*s**3 - 21*s**2 + 3*s + 25. What is u(-7)?
4
Let h(p) = -2*p**3 + 48*p**2 + 45*p + 22. Give h(25).
-103
Let h(f) = 22*f - 63. Give h(3).
3
Let m(t) = 7*t - 57. Determine m(25).
118
Let g(n) = 210*n + 3976. Determine g(-19).
-14
Let f(o) = -6*o**2 + 21*o - 8. Determine f(3